d l.
1
Let k = 12857 + -7945. Calculate the greatest common factor of k and 48.
16
Let m = 1724 + -1684. What is the highest common divisor of m and 920?
40
Let y = 4841 - 4738. Calculate the greatest common divisor of 2781 and y.
103
Suppose 0 = 4*z - 584 - 896. Let r = 1115 + -1105. What is the greatest common divisor of z and r?
10
Let a be ((-3130)/9)/(-10) + (-4)/(-18). Let f be ((-370)/25)/((-8)/20). Suppose -k + q = -f, k = -4*q + q + 29. What is the greatest common divisor of a and k?
35
Let k = 696 + -676. Let s = -60 - -150. What is the greatest common divisor of s and k?
10
Suppose -3*j - 11 + 41 = 0. Suppose -j*v = -859 + 399. What is the highest common divisor of v and 506?
46
Let h(s) be the third derivative of 37*s**4/24 - s**3/6 - s**2. Let g be h(1). Let l be (45/25)/(3/20). Calculate the highest common factor of g and l.
12
Let t be (44/275*-355)/(6/(-15)). What is the highest common factor of 10 and t?
2
Suppose -48*c - 59*c = -17*c - 1440. What is the greatest common divisor of 9064 and c?
8
Let j be (-3 - (-1204)/(-42))/((-25)/30). Suppose 0 = 5*i - x - 0*x - 10, 4*x - 10 = -5*i. Calculate the highest common factor of j and i.
2
Let c = -18058 + 18164. What is the greatest common factor of c and 4028?
106
Let b(o) = 3*o - 8*o**3 + 3*o**2 - o + 9*o**3 + 4. Let i be b(-3). Let z be 15 - 2/12*i*-9. Calculate the greatest common divisor of z and 8.
4
Let t(h) = -52*h - 8. Let l be t(-2). Let k = 122 - l. What is the greatest common divisor of 26 and k?
26
Suppose -799 - 9850 = -12*o + 2635. Calculate the highest common factor of 108 and o.
27
Let u(a) = -43*a + 6. Let d be u(6). Let n be (-1 + 0)/(12/d). What is the greatest common divisor of n and 7?
7
Suppose -4*l + 20 = 0, 4*l = 134*s - 130*s - 2372. Calculate the highest common divisor of s and 138.
46
Suppose -13*w - 4*v = -8*w - 98, 50 = 2*w - 2*v. Let c(j) = 8*j**2 - 2*j + 1. Let g be c(4). Calculate the highest common divisor of g and w.
11
Suppose 5*y = -6*i + 278, 106 = -4*i + 6*i - 5*y. What is the highest common divisor of 17552 and i?
16
Let p be 117/33 - (-24)/(-44). Suppose -p*x = -c + 35 + 7, -4*x = 2*c - 64. What is the greatest common factor of 81 and c?
9
Suppose 0 = -k - 1 + 5, -3*a = 4*k - 8263. Suppose 18*p = a + 3047. Let w be (-3 - -2)*(4 + -50). Calculate the highest common divisor of w and p.
46
Let j = 10910 + -10780. What is the greatest common divisor of 286 and j?
26
Suppose 10152 = 65*g + 76*g. What is the highest common divisor of g and 384?
24
Let u(t) = 488*t - 691. Let v be u(2). What is the highest common divisor of v and 589?
19
Let t be (0/2)/(-75 + 73). Suppose -3*w - 16*p + 560 = -21*p, -3*w - p + 536 = t. Let g be 36 + 1 + 1 + -2. What is the highest common factor of w and g?
36
Suppose 20*i - 15*i + 2*o - 5214 = 0, 3*i - 3127 = -o. Calculate the greatest common factor of i and 3280.
80
Suppose y + 7*f = 630, 3*f + 603 = y + f. Calculate the greatest common factor of y and 783.
87
Suppose 2*p - 5*h - 1007 = 0, -408*p + 411*p - 1514 = 4*h. What is the highest common factor of p and 713?
23
Suppose 695*v - 452 = 3023. Let n(b) = -b**3 - 3*b**2 - 11*b - 8. Let q be n(-7). What is the greatest common divisor of q and v?
5
Let l(j) be the second derivative of -j**5/20 + 5*j**4/12 + j**2 + 4*j. Let u = -3 - -7. Let i be l(u). What is the greatest common divisor of i and 108?
18
Let b = 3 - -1. Let d = 696967 - 696952. Calculate the greatest common factor of b and d.
1
Suppose 257*x = 254*x + y + 23162, 3*y + 38610 = 5*x. Calculate the highest common factor of x and 249.
249
Let d = 19944 - 18663. What is the greatest common factor of d and 63?
21
Let n be (801 - 0)/((-174)/(-580)). Calculate the greatest common factor of 90 and n.
30
Let o(p) = 5*p**2 - 8*p + 6. Let w be o(2). Suppose 156 = 2*t + w*t. What is the greatest common factor of t and 494?
13
Suppose -5180 - 166 = -99*d. Calculate the highest common divisor of 3186 and d.
54
Let g(k) = 27*k + 137. Let l be g(-5). Suppose -l*z = 3*v - 220, -86 - 64 = -2*v - 2*z. What is the greatest common factor of 30 and v?
10
Suppose -20*a = -276 - 244. Suppose 12*d = 305 + 475. Calculate the greatest common divisor of a and d.
13
Let h be (-2020)/(-7) + 76/(-133). What is the greatest common factor of h and 3904?
32
Let g be 0/(-4)*-1*(-2)/(-2). Let l be (16 + 2 - 1) + -2 + g. Suppose 0 = l*d - 3*d - 60. What is the greatest common factor of d and 5?
5
Suppose -20020 = -8*q - 14*q - 4*q. What is the greatest common divisor of q and 140?
70
Suppose 13385 = 136*f - 8511. What is the greatest common divisor of 13363 and f?
161
Suppose -3*m = -2*i + 8, -i - 2 = -m + 2*i. Let y(k) = k**3 + 3*k**2 - 12*k - 14. Let h be y(m). What is the greatest common factor of h and 30?
6
Suppose 110*k - 112*k = -2, -u = -2*k - 182. Let d = -8 - -11. Let o be 2/(-3) + 71/d. What is the highest common factor of o and u?
23
Suppose 166 = r + 149. Calculate the greatest common factor of r and 289.
17
Let q(y) = -y**2 - 54*y - 380. Let g be q(-41). Calculate the greatest common factor of g and 3.
3
Let q be 52/(-5) + ((-96)/40)/(-6). Let n be (58/q - (-15)/(-75))*-57. What is the highest common divisor of n and 38?
38
Let g be 53 + 1*(0 - -1). Let u = 7266 + -7176. What is the highest common divisor of g and u?
18
Let y(r) = 12*r + 39. Let l be y(-4). Suppose 0 = 5*t - 5, -8 = -3*h - 2*t - 0*t. Let b be 4/40*5 - l/h. Calculate the greatest common divisor of b and 40.
5
Let c = 10927 + -10789. Calculate the highest common divisor of 1472 and c.
46
Suppose 2*c - 3*p = -7*p + 164, 3*c + 2*p = 226. What is the highest common factor of 248 and c?
8
Let f be ((-8850)/(-531))/(2/123). What is the highest common factor of 533 and f?
41
Suppose -73*t - 5*g - 69 = -76*t, -t + 23 = -2*g. What is the highest common divisor of 11477 and t?
23
Suppose -8*m + 10*m + 4*h - 962 = 0, -h = -5*m + 2339. What is the highest common factor of m and 268?
67
Let t be ((-1)/(-1))/(-1 - -2). Suppose 2*h + 6*m - 32 = 24, 0 = 3*h - m - 54. What is the highest common divisor of t and h?
1
Let u(k) = 2*k**2 + 3*k + 5. Let x be u(-4). Let v be (-10)/x - (-166)/(-10). Let i = 47 + v. Calculate the highest common factor of 12 and i.
6
Suppose -137*r = -83708 + 3152. What is the greatest common factor of 384 and r?
12
Suppose 16*g = -6*g + 6490. Suppose v = -4*r + g - 119, 237 = 5*r - 3*v. Calculate the greatest common divisor of 27 and r.
9
Let o = -4 - -10. Let n(v) = 30*v - 30. Let h = -311 + 313. Let x be n(h). Calculate the greatest common divisor of o and x.
6
Let g(a) = 25*a + 292. Let z be g(-11). Let x = 225 - 106. What is the greatest common divisor of x and z?
17
Suppose -6*p + 3*p = -2208. Suppose 4*i + 3*g - 952 = g, -4*g = -3*i + p. Let h = 438 - i. Calculate the greatest common factor of 22 and h.
22
Let o(m) = 204*m**2 - 18*m - 19. Suppose -5*i = -22*i - 17. Let j be o(i). What is the greatest common divisor of j and 14?
7
Suppose -23*w = 25*w + 2*w - 41600. Let f(l) = -3*l + 1. Let j be f(-4). Calculate the greatest common divisor of w and j.
13
Suppose -38*n + 40*n - 3*v - 32 = 0, -n + 36 = v. What is the greatest common divisor of n and 1169?
7
Suppose 3 = h - 5*v + 20, 220 = -5*h - 2*v. Let j = h + 130. What is the greatest common factor of j and 8?
8
Suppose 5*j - 2*v - 115 = 3*v, v + 50 = 2*j. Suppose -45*k + 623 = -52. What is the highest common factor of j and k?
3
Let f be 2914/341 + ((-12)/22)/((-2)/(-2)). Calculate the greatest common divisor of 7024 and f.
8
Suppose 11177*x = 11197*x - 560. Calculate the greatest common factor of x and 742.
14
Suppose 0 = 12*z - 217 - 323. Let g = -1505 + 1595. Calculate the greatest common divisor of g and z.
45
Let k be 35/14 - (-55)/(-20) - (-930)/40. Calculate the highest common factor of k and 16859.
23
Let f be ((-2)/12*-18)/(-2 + (-46)/(-20)). Suppose 2*h - 355 + 15 = 0. Calculate the greatest common factor of f and h.
10
Suppose 0 = -252*j + 61073 - 30473 + 52560. Suppose 0 = 2*v - 2*u - 90 - 178, v + 5*u = 122. What is the greatest common factor of j and v?
66
Let w = -146 - -149. Suppose 0*t - 12 = -3*t + 3*l, -3*t + 4*l = -16. Let z be t + (-2)/4 + (-1750)/(-20). What is the highest common factor of z and w?
3
Let a be (520/(-12))/(-13)*(2 + 1765/10). What is the greatest common